{"id":882,"date":"2019-09-24T21:53:36","date_gmt":"2019-09-24T19:53:36","guid":{"rendered":"http:\/\/yohannquintin.fr\/?page_id=882"},"modified":"2019-12-17T23:57:50","modified_gmt":"2019-12-17T21:57:50","slug":"peregrination-monochromatique","status":"publish","type":"page","link":"https:\/\/yohannquintin.fr\/?page_id=882","title":{"rendered":"P\u00e9r\u00e9grination monochromatique."},"content":{"rendered":"\n<p>Cette s\u00e9rie est le fruit de mes ballades matinales. Souvent le nez en l&rsquo;air, j&rsquo;essaye de fixer ces tableaux d&rsquo;ombres et de lumi\u00e8res, \u0153uvres graphiques \u00e9ph\u00e9m\u00e8res.<\/p>\n\n\n\n<figure class=\"wp-block-gallery columns-1 wp-block-gallery-1 is-layout-flex wp-block-gallery-is-layout-flex\"><ul class=\"blocks-gallery-grid\"><li class=\"blocks-gallery-item\"><figure><a href=\"http:\/\/yohannquintin.fr\/wp-content\/uploads\/2019\/09\/14092019-DSC01010-1024x683.jpg\"><img loading=\"lazy\" decoding=\"async\" width=\"1024\" height=\"683\" src=\"http:\/\/yohannquintin.fr\/wp-content\/uploads\/2019\/09\/14092019-DSC01010-1024x683.jpg\" alt=\"\" data-id=\"884\" data-link=\"http:\/\/yohannquintin.fr\/?attachment_id=884\" class=\"wp-image-884\" srcset=\"https:\/\/yohannquintin.fr\/wp-content\/uploads\/2019\/09\/14092019-DSC01010-1024x683.jpg 1024w, https:\/\/yohannquintin.fr\/wp-content\/uploads\/2019\/09\/14092019-DSC01010-300x200.jpg 300w, https:\/\/yohannquintin.fr\/wp-content\/uploads\/2019\/09\/14092019-DSC01010.jpg 1620w\" sizes=\"auto, (max-width: 1024px) 100vw, 1024px\" \/><\/a><\/figure><\/li><li class=\"blocks-gallery-item\"><figure><a href=\"http:\/\/yohannquintin.fr\/wp-content\/uploads\/2019\/09\/14092019-DSC01015-1024x683.jpg\"><img loading=\"lazy\" decoding=\"async\" width=\"1024\" height=\"683\" src=\"http:\/\/yohannquintin.fr\/wp-content\/uploads\/2019\/09\/14092019-DSC01015-1024x683.jpg\" alt=\"\" data-id=\"885\" data-link=\"http:\/\/yohannquintin.fr\/?attachment_id=885\" class=\"wp-image-885\" srcset=\"https:\/\/yohannquintin.fr\/wp-content\/uploads\/2019\/09\/14092019-DSC01015-1024x683.jpg 1024w, https:\/\/yohannquintin.fr\/wp-content\/uploads\/2019\/09\/14092019-DSC01015-300x200.jpg 300w, https:\/\/yohannquintin.fr\/wp-content\/uploads\/2019\/09\/14092019-DSC01015.jpg 1620w\" sizes=\"auto, (max-width: 1024px) 100vw, 1024px\" \/><\/a><\/figure><\/li><li class=\"blocks-gallery-item\"><figure><a href=\"http:\/\/yohannquintin.fr\/wp-content\/uploads\/2019\/09\/14092019-DSC01045-1024x683.jpg\"><img loading=\"lazy\" decoding=\"async\" width=\"1024\" height=\"683\" src=\"http:\/\/yohannquintin.fr\/wp-content\/uploads\/2019\/09\/14092019-DSC01045-1024x683.jpg\" alt=\"\" data-id=\"886\" data-link=\"http:\/\/yohannquintin.fr\/?attachment_id=886\" class=\"wp-image-886\" srcset=\"https:\/\/yohannquintin.fr\/wp-content\/uploads\/2019\/09\/14092019-DSC01045-1024x683.jpg 1024w, https:\/\/yohannquintin.fr\/wp-content\/uploads\/2019\/09\/14092019-DSC01045-300x200.jpg 300w, https:\/\/yohannquintin.fr\/wp-content\/uploads\/2019\/09\/14092019-DSC01045.jpg 1620w\" sizes=\"auto, (max-width: 1024px) 100vw, 1024px\" \/><\/a><\/figure><\/li><li class=\"blocks-gallery-item\"><figure><a href=\"http:\/\/yohannquintin.fr\/wp-content\/uploads\/2019\/09\/14092019-DSC01053-1024x683.jpg\"><img loading=\"lazy\" decoding=\"async\" width=\"1024\" height=\"683\" src=\"http:\/\/yohannquintin.fr\/wp-content\/uploads\/2019\/09\/14092019-DSC01053-1024x683.jpg\" alt=\"\" data-id=\"887\" data-link=\"http:\/\/yohannquintin.fr\/?attachment_id=887\" class=\"wp-image-887\" srcset=\"https:\/\/yohannquintin.fr\/wp-content\/uploads\/2019\/09\/14092019-DSC01053-1024x683.jpg 1024w, https:\/\/yohannquintin.fr\/wp-content\/uploads\/2019\/09\/14092019-DSC01053-300x200.jpg 300w, https:\/\/yohannquintin.fr\/wp-content\/uploads\/2019\/09\/14092019-DSC01053.jpg 1620w\" sizes=\"auto, (max-width: 1024px) 100vw, 1024px\" \/><\/a><\/figure><\/li><li class=\"blocks-gallery-item\"><figure><a href=\"http:\/\/yohannquintin.fr\/wp-content\/uploads\/2019\/09\/14092019-DSC01058-1024x683.jpg\"><img loading=\"lazy\" decoding=\"async\" width=\"1024\" height=\"683\" src=\"http:\/\/yohannquintin.fr\/wp-content\/uploads\/2019\/09\/14092019-DSC01058-1024x683.jpg\" alt=\"\" data-id=\"888\" data-link=\"http:\/\/yohannquintin.fr\/?attachment_id=888\" class=\"wp-image-888\" srcset=\"https:\/\/yohannquintin.fr\/wp-content\/uploads\/2019\/09\/14092019-DSC01058-1024x683.jpg 1024w, https:\/\/yohannquintin.fr\/wp-content\/uploads\/2019\/09\/14092019-DSC01058-300x200.jpg 300w, https:\/\/yohannquintin.fr\/wp-content\/uploads\/2019\/09\/14092019-DSC01058.jpg 1620w\" sizes=\"auto, (max-width: 1024px) 100vw, 1024px\" \/><\/a><\/figure><\/li><li class=\"blocks-gallery-item\"><figure><a href=\"http:\/\/yohannquintin.fr\/wp-content\/uploads\/2019\/09\/14092019-DSC01073-1024x683.jpg\"><img loading=\"lazy\" decoding=\"async\" width=\"1024\" height=\"683\" src=\"http:\/\/yohannquintin.fr\/wp-content\/uploads\/2019\/09\/14092019-DSC01073-1024x683.jpg\" alt=\"\" data-id=\"889\" data-link=\"http:\/\/yohannquintin.fr\/?attachment_id=889\" class=\"wp-image-889\" srcset=\"https:\/\/yohannquintin.fr\/wp-content\/uploads\/2019\/09\/14092019-DSC01073-1024x683.jpg 1024w, https:\/\/yohannquintin.fr\/wp-content\/uploads\/2019\/09\/14092019-DSC01073-300x200.jpg 300w, https:\/\/yohannquintin.fr\/wp-content\/uploads\/2019\/09\/14092019-DSC01073.jpg 1620w\" sizes=\"auto, (max-width: 1024px) 100vw, 1024px\" \/><\/a><\/figure><\/li><li class=\"blocks-gallery-item\"><figure><a href=\"http:\/\/yohannquintin.fr\/wp-content\/uploads\/2019\/09\/14092019-DSC01075-1024x683.jpg\"><img loading=\"lazy\" decoding=\"async\" width=\"1024\" height=\"683\" src=\"http:\/\/yohannquintin.fr\/wp-content\/uploads\/2019\/09\/14092019-DSC01075-1024x683.jpg\" alt=\"\" data-id=\"890\" data-link=\"http:\/\/yohannquintin.fr\/?attachment_id=890\" class=\"wp-image-890\" srcset=\"https:\/\/yohannquintin.fr\/wp-content\/uploads\/2019\/09\/14092019-DSC01075-1024x683.jpg 1024w, https:\/\/yohannquintin.fr\/wp-content\/uploads\/2019\/09\/14092019-DSC01075-300x200.jpg 300w, https:\/\/yohannquintin.fr\/wp-content\/uploads\/2019\/09\/14092019-DSC01075.jpg 1620w\" sizes=\"auto, (max-width: 1024px) 100vw, 1024px\" \/><\/a><\/figure><\/li><li class=\"blocks-gallery-item\"><figure><a href=\"http:\/\/yohannquintin.fr\/wp-content\/uploads\/2019\/09\/14092019-DSC01085-1024x683.jpg\"><img loading=\"lazy\" decoding=\"async\" width=\"1024\" height=\"683\" src=\"http:\/\/yohannquintin.fr\/wp-content\/uploads\/2019\/09\/14092019-DSC01085-1024x683.jpg\" alt=\"\" data-id=\"891\" data-link=\"http:\/\/yohannquintin.fr\/?attachment_id=891\" class=\"wp-image-891\" srcset=\"https:\/\/yohannquintin.fr\/wp-content\/uploads\/2019\/09\/14092019-DSC01085-1024x683.jpg 1024w, https:\/\/yohannquintin.fr\/wp-content\/uploads\/2019\/09\/14092019-DSC01085-300x200.jpg 300w, https:\/\/yohannquintin.fr\/wp-content\/uploads\/2019\/09\/14092019-DSC01085.jpg 1620w\" sizes=\"auto, (max-width: 1024px) 100vw, 1024px\" \/><\/a><\/figure><\/li><li class=\"blocks-gallery-item\"><figure><a href=\"http:\/\/yohannquintin.fr\/wp-content\/uploads\/2019\/09\/14092019-DSC01089-1-1024x683.jpg\"><img loading=\"lazy\" decoding=\"async\" width=\"1024\" height=\"683\" src=\"http:\/\/yohannquintin.fr\/wp-content\/uploads\/2019\/09\/14092019-DSC01089-1-1024x683.jpg\" alt=\"\" data-id=\"893\" data-link=\"http:\/\/yohannquintin.fr\/?attachment_id=893\" class=\"wp-image-893\" srcset=\"https:\/\/yohannquintin.fr\/wp-content\/uploads\/2019\/09\/14092019-DSC01089-1-1024x683.jpg 1024w, https:\/\/yohannquintin.fr\/wp-content\/uploads\/2019\/09\/14092019-DSC01089-1-300x200.jpg 300w, https:\/\/yohannquintin.fr\/wp-content\/uploads\/2019\/09\/14092019-DSC01089-1.jpg 1620w\" sizes=\"auto, (max-width: 1024px) 100vw, 1024px\" \/><\/a><\/figure><\/li><li class=\"blocks-gallery-item\"><figure><a href=\"http:\/\/yohannquintin.fr\/wp-content\/uploads\/2019\/09\/31082019-DSC00910-1024x683.jpg\"><img loading=\"lazy\" decoding=\"async\" width=\"1024\" height=\"683\" src=\"http:\/\/yohannquintin.fr\/wp-content\/uploads\/2019\/09\/31082019-DSC00910-1024x683.jpg\" alt=\"\" data-id=\"894\" data-link=\"http:\/\/yohannquintin.fr\/?attachment_id=894\" class=\"wp-image-894\" srcset=\"https:\/\/yohannquintin.fr\/wp-content\/uploads\/2019\/09\/31082019-DSC00910-1024x683.jpg 1024w, https:\/\/yohannquintin.fr\/wp-content\/uploads\/2019\/09\/31082019-DSC00910-300x200.jpg 300w, https:\/\/yohannquintin.fr\/wp-content\/uploads\/2019\/09\/31082019-DSC00910.jpg 1620w\" sizes=\"auto, (max-width: 1024px) 100vw, 1024px\" \/><\/a><\/figure><\/li><li class=\"blocks-gallery-item\"><figure><a href=\"http:\/\/yohannquintin.fr\/wp-content\/uploads\/2019\/09\/31082019-DSC00965-683x1024.jpg\"><img loading=\"lazy\" decoding=\"async\" width=\"683\" height=\"1024\" src=\"http:\/\/yohannquintin.fr\/wp-content\/uploads\/2019\/09\/31082019-DSC00965-683x1024.jpg\" alt=\"\" data-id=\"895\" data-link=\"http:\/\/yohannquintin.fr\/?attachment_id=895\" class=\"wp-image-895\" srcset=\"https:\/\/yohannquintin.fr\/wp-content\/uploads\/2019\/09\/31082019-DSC00965-683x1024.jpg 683w, https:\/\/yohannquintin.fr\/wp-content\/uploads\/2019\/09\/31082019-DSC00965-200x300.jpg 200w, https:\/\/yohannquintin.fr\/wp-content\/uploads\/2019\/09\/31082019-DSC00965.jpg 1080w\" sizes=\"auto, (max-width: 683px) 100vw, 683px\" \/><\/a><\/figure><\/li><li class=\"blocks-gallery-item\"><figure><a href=\"http:\/\/yohannquintin.fr\/wp-content\/uploads\/2019\/09\/DSCF3622-768x1024.jpg\"><img loading=\"lazy\" decoding=\"async\" width=\"768\" height=\"1024\" src=\"http:\/\/yohannquintin.fr\/wp-content\/uploads\/2019\/09\/DSCF3622-768x1024.jpg\" alt=\"\" data-id=\"896\" data-link=\"http:\/\/yohannquintin.fr\/?attachment_id=896\" class=\"wp-image-896\" srcset=\"https:\/\/yohannquintin.fr\/wp-content\/uploads\/2019\/09\/DSCF3622-768x1024.jpg 768w, https:\/\/yohannquintin.fr\/wp-content\/uploads\/2019\/09\/DSCF3622-225x300.jpg 225w, https:\/\/yohannquintin.fr\/wp-content\/uploads\/2019\/09\/DSCF3622.jpg 1080w\" sizes=\"auto, (max-width: 768px) 100vw, 768px\" \/><\/a><\/figure><\/li><li class=\"blocks-gallery-item\"><figure><a href=\"http:\/\/yohannquintin.fr\/wp-content\/uploads\/2019\/09\/P1010320-683x1024.jpg\"><img loading=\"lazy\" decoding=\"async\" width=\"683\" height=\"1024\" src=\"http:\/\/yohannquintin.fr\/wp-content\/uploads\/2019\/09\/P1010320-683x1024.jpg\" alt=\"\" data-id=\"899\" data-link=\"http:\/\/yohannquintin.fr\/?attachment_id=899\" class=\"wp-image-899\" srcset=\"https:\/\/yohannquintin.fr\/wp-content\/uploads\/2019\/09\/P1010320-683x1024.jpg 683w, https:\/\/yohannquintin.fr\/wp-content\/uploads\/2019\/09\/P1010320-200x300.jpg 200w, https:\/\/yohannquintin.fr\/wp-content\/uploads\/2019\/09\/P1010320.jpg 1080w\" sizes=\"auto, (max-width: 683px) 100vw, 683px\" \/><\/a><\/figure><\/li><li class=\"blocks-gallery-item\"><figure><a href=\"http:\/\/yohannquintin.fr\/wp-content\/uploads\/2019\/09\/P1020628-1024x769.jpg\"><img loading=\"lazy\" decoding=\"async\" width=\"1024\" height=\"769\" src=\"http:\/\/yohannquintin.fr\/wp-content\/uploads\/2019\/09\/P1020628-1024x769.jpg\" alt=\"\" data-id=\"900\" data-link=\"http:\/\/yohannquintin.fr\/?attachment_id=900\" class=\"wp-image-900\" srcset=\"https:\/\/yohannquintin.fr\/wp-content\/uploads\/2019\/09\/P1020628-1024x769.jpg 1024w, https:\/\/yohannquintin.fr\/wp-content\/uploads\/2019\/09\/P1020628-300x225.jpg 300w, https:\/\/yohannquintin.fr\/wp-content\/uploads\/2019\/09\/P1020628.jpg 1439w\" sizes=\"auto, (max-width: 1024px) 100vw, 1024px\" \/><\/a><\/figure><\/li><li class=\"blocks-gallery-item\"><figure><a href=\"http:\/\/yohannquintin.fr\/wp-content\/uploads\/2019\/09\/P1030174-1024x769.jpg\"><img loading=\"lazy\" decoding=\"async\" width=\"1024\" height=\"769\" src=\"http:\/\/yohannquintin.fr\/wp-content\/uploads\/2019\/09\/P1030174-1024x769.jpg\" alt=\"\" data-id=\"901\" data-link=\"http:\/\/yohannquintin.fr\/?attachment_id=901\" class=\"wp-image-901\" srcset=\"https:\/\/yohannquintin.fr\/wp-content\/uploads\/2019\/09\/P1030174-1024x769.jpg 1024w, https:\/\/yohannquintin.fr\/wp-content\/uploads\/2019\/09\/P1030174-300x225.jpg 300w, https:\/\/yohannquintin.fr\/wp-content\/uploads\/2019\/09\/P1030174.jpg 1439w\" sizes=\"auto, (max-width: 1024px) 100vw, 1024px\" \/><\/a><\/figure><\/li><li class=\"blocks-gallery-item\"><figure><a href=\"http:\/\/yohannquintin.fr\/wp-content\/uploads\/2019\/09\/P5810002-1024x769.jpg\"><img loading=\"lazy\" decoding=\"async\" width=\"1024\" height=\"769\" src=\"http:\/\/yohannquintin.fr\/wp-content\/uploads\/2019\/09\/P5810002-1024x769.jpg\" alt=\"\" data-id=\"902\" data-link=\"http:\/\/yohannquintin.fr\/?attachment_id=902\" class=\"wp-image-902\" srcset=\"https:\/\/yohannquintin.fr\/wp-content\/uploads\/2019\/09\/P5810002-1024x769.jpg 1024w, https:\/\/yohannquintin.fr\/wp-content\/uploads\/2019\/09\/P5810002-300x225.jpg 300w, https:\/\/yohannquintin.fr\/wp-content\/uploads\/2019\/09\/P5810002.jpg 1439w\" sizes=\"auto, (max-width: 1024px) 100vw, 1024px\" \/><\/a><\/figure><\/li><li class=\"blocks-gallery-item\"><figure><a href=\"http:\/\/yohannquintin.fr\/wp-content\/uploads\/2019\/09\/P5810027-1024x769.jpg\"><img loading=\"lazy\" decoding=\"async\" width=\"1024\" height=\"769\" src=\"http:\/\/yohannquintin.fr\/wp-content\/uploads\/2019\/09\/P5810027-1024x769.jpg\" alt=\"\" data-id=\"903\" data-link=\"http:\/\/yohannquintin.fr\/?attachment_id=903\" class=\"wp-image-903\" srcset=\"https:\/\/yohannquintin.fr\/wp-content\/uploads\/2019\/09\/P5810027-1024x769.jpg 1024w, https:\/\/yohannquintin.fr\/wp-content\/uploads\/2019\/09\/P5810027-300x225.jpg 300w, https:\/\/yohannquintin.fr\/wp-content\/uploads\/2019\/09\/P5810027.jpg 1438w\" sizes=\"auto, (max-width: 1024px) 100vw, 1024px\" \/><\/a><\/figure><\/li><\/ul><\/figure>\n","protected":false},"excerpt":{"rendered":"<p>Cette s\u00e9rie est le fruit de mes ballades matinales. Souvent le nez en l&rsquo;air, j&rsquo;essaye de fixer ces tableaux d&rsquo;ombres et de lumi\u00e8res, \u0153uvres graphiques \u00e9ph\u00e9m\u00e8res.<\/p>\n","protected":false},"author":1,"featured_media":0,"parent":0,"menu_order":0,"comment_status":"closed","ping_status":"closed","template":"","meta":{"footnotes":""},"class_list":["post-882","page","type-page","status-publish","hentry"],"_links":{"self":[{"href":"https:\/\/yohannquintin.fr\/index.php?rest_route=\/wp\/v2\/pages\/882","targetHints":{"allow":["GET"]}}],"collection":[{"href":"https:\/\/yohannquintin.fr\/index.php?rest_route=\/wp\/v2\/pages"}],"about":[{"href":"https:\/\/yohannquintin.fr\/index.php?rest_route=\/wp\/v2\/types\/page"}],"author":[{"embeddable":true,"href":"https:\/\/yohannquintin.fr\/index.php?rest_route=\/wp\/v2\/users\/1"}],"replies":[{"embeddable":true,"href":"https:\/\/yohannquintin.fr\/index.php?rest_route=%2Fwp%2Fv2%2Fcomments&post=882"}],"version-history":[{"count":3,"href":"https:\/\/yohannquintin.fr\/index.php?rest_route=\/wp\/v2\/pages\/882\/revisions"}],"predecessor-version":[{"id":956,"href":"https:\/\/yohannquintin.fr\/index.php?rest_route=\/wp\/v2\/pages\/882\/revisions\/956"}],"wp:attachment":[{"href":"https:\/\/yohannquintin.fr\/index.php?rest_route=%2Fwp%2Fv2%2Fmedia&parent=882"}],"curies":[{"name":"wp","href":"https:\/\/api.w.org\/{rel}","templated":true}]}}